be ((-22)/3)/(4/6). Let g = h + 13. Let c(f) = -9*f + 2. Determine c(g).
-16
Suppose -3*j = 2*c - 20, 4*j - 3*j + 2*c = 0. Suppose -t - 4*t - j = 0, 20 = 4*m - 2*t. Let h(z) = -z**2 + 3*z + 5. Give h(m).
1
Let h(f) = 6*f**3 - 10*f**2 - f + 6. Let w(n) = n**3 - n**2 - n + 1. Let q(k) = h(k) - 5*w(k). Let t = 3 - -1. Suppose -t = 3*z - 16. Give q(z).
1
Let r(b) = -2*b - 3. Suppose 5 = u - 0. Suppose 4*l + u*k = 12, 2*k + 2*k = -5*l + 15. Suppose l = -3*f - 3. Determine r(f).
1
Let z(q) = -8*q**2 + 3*q - 2. Let c be z(1). Let x(m) = m + 7. Determine x(c).
0
Let q(i) be the first derivative of -i**2 - 10*i - 6. Determine q(-8).
6
Let h be -7 + 4 + 0/(-1). Let o(p) = 2*p - p**3 + 2*p + 3 - p**2 + 3*p - 4*p. Calculate o(h).
12
Let n(y) = -2*y + 2. Let o be n(2). Let c(f) = 13*f + 1. Let d(b) = -6*b - 1. Let m(a) = -2*c(a) - 5*d(a). Let i be m(o). Let r(z) = -z**2 - 2*z + 6. Give r(i).
-9
Let q(b) = -4*b**3 + 4 + 3*b**3 - 2*b**2 - 3*b - 3*b**2 - 2. What is q(-4)?
-2
Let x(z) = z**3 - 3*z - 1. Suppose 3*o = 6, 5*i + 2*o - 13 = 2*i. Let t(r) = 3*r - 8 - i*r + r. Let v be t(6). Give x(v).
-3
Suppose 0 = 5*q + 2*y + 10, -q - 10 = y + y. Suppose -6 = -d - q*d. Let l(t) = 5*t**3 - 2 - d*t**3 + t + 3*t**2 - 4*t**2. Calculate l(-2).
0
Let b(y) = 4*y**2 - 5*y - 8. Let f(m) = 5*m**2 - 5*m - 9. Let h(k) = -6*b(k) + 5*f(k). Calculate h(-4).
-1
Let d(t) = 3*t - 6. Let q be d(4). Let c(l) be the third derivative of l**4/24 - l**3/6 + 15*l**2. Give c(q).
5
Let p(u) be the third derivative of -u**5/15 + u**4/12 + u**3/3 + u**2. Let s = 60 - 55. Let j(z) = 7*z**2 - 4*z - 4. Let l(v) = s*p(v) + 3*j(v). Give l(4).
6
Let o(u) = -8*u + 1. Suppose -17*f = -55 + 4. What is o(f)?
-23
Let n(p) = -3*p**3 + 5*p**2 + 2*p + 1. Let t(i) = i**3 - i**2 + 1. Let b = -1 - -2. Let m = -3 + b. Let a(u) = m*t(u) - n(u). Calculate a(3).
-9
Let a(h) = -h - 1. Let q(m) = -3 + 0 - 1 - 4*m - 3. Let v(s) = -5*a(s) + q(s). Give v(5).
3
Let u(i) = -14*i - 20. Let z(r) = -16*r + 1. Let t be z(-1). Let a(h) = -5*h - 7. Let d(w) = t*a(w) - 6*u(w). Determine d(-4).
5
Let j(p) = -6*p. Let t(l) = l. Let y(x) = j(x) + 5*t(x). Calculate y(6).
-6
Let w(g) = 2*g**2 + 8*g - 5*g - 3 + 3*g. Determine w(-5).
17
Suppose 2*u = -j - 7, 0 = -4*u + u - 6. Let w(n) be the third derivative of -n**5/60 + n**4/12 + n**3/3 - 15*n**2 + 2. Calculate w(j).
-13
Let m be 1/3 - 4/3. Let c(q) = 11*q**3 + 4*q + 2. Let u(b) = -78*b**3 - 30*b - 15. Let v(x) = 15*c(x) + 2*u(x). Determine v(m).
-9
Let t(n) = -n**2 + 2*n + 4. Suppose -2*s = -0*s - 4. Let y be 8/(0 + s/1). Give t(y).
-4
Suppose -3 = 5*j - 13. Let o(u) = 2*u + 2. Calculate o(j).
6
Let a(u) = -2*u**3 + 10*u**2 + 16*u + 5. Let q(l) = 3*l**3 - 15*l**2 - 24*l - 8. Let d(p) = 8*a(p) + 5*q(p). Determine d(6).
12
Let h(n) be the first derivative of -n**2/2 - 3*n - 2. Calculate h(3).
-6
Let z(b) = b**3 - 7*b**2 + b - 6. Let r be z(7). Let v(c) = -r - 3*c + 0 + c. Calculate v(3).
-7
Let c(o) be the second derivative of o**4/4 + o**3/2 - 3*o**2/2 - 8*o. Calculate c(-3).
15
Suppose -d - d + 3*j = -4, 5*j = 2*d - 4. Let r be 2/6 + 10/15. Let b(k) = k + k - r - k**2 - 1. Give b(d).
-2
Suppose 36*q = 33*q + 6. Let a(j) be the second derivative of 2/3*j**3 + 1/3*j**4 + j + 1/10*j**5 + j**q + 0. What is a(-2)?
-6
Let j(t) = -4*t**3 + 5*t**2 - t + 8. Let g(p) = 5*p**3 - 6*p**2 + p - 9. Let v(d) = 5*g(d) + 6*j(d). Give v(-3).
-21
Let d(q) be the first derivative of -q**3/3 + 5*q**2/2 - 3*q - 17. What is d(6)?
-9
Let g = 7 - 10. Let o(l) = -l**3 + 3*l**2 + 3. Let k be o(3). Let j(b) = 2 - 4*b + 1 - k*b**2 + 5*b + 2*b**2. What is j(g)?
-9
Let j(g) = 5*g**3 + g**2 - 2*g - 1. Let u(l) = l**3 + l**2 - l. Let z(m) = -j(m) + 4*u(m). Suppose 11*r - 8*r = 6. Calculate z(r).
1
Let a(h) = 3*h - 11 + h**3 + 5 - h - 3*h. Determine a(0).
-6
Let z(q) be the third derivative of q**4/8 + 2*q**3/3 - 17*q**2. Determine z(-3).
-5
Let b = 24 + -24. Let q(d) = -d**2 - d + 26. Determine q(b).
26
Let a(j) = 2 + 220*j + 3 - 219*j. Give a(-4).
1
Let r(y) = -y**2 + 3*y + 3. Let g = 9 - 6. Determine r(g).
3
Let r(a) = 7*a + 1. Let l be r(2). Let s(k) = l + 16 - 30 - 2*k. What is s(-2)?
5
Let w(u) = -u + 6. Let b(j) = -3*j + 18. Let c(t) = -4*b(t) + 11*w(t). Give c(5).
-1
Let r(m) = m + 2. Let w(n) = -1. Let c(g) = -r(g) - 3*w(g). Give c(6).
-5
Let l(y) = -y**2 - 5*y - 5. Let j(q) = 4*q + 4. Let c be j(-2). Give l(c).
-1
Let z(t) = 2*t**2 - t. Let w be ((-2)/8)/((-2)/8). Suppose -1 = -5*x + 2*n, w = 4*x - 5*n - 10. What is z(x)?
3
Let d(q) = -2*q**2 - 14*q - 4. Let w be d(-7). Let u(z) = -z**2 - 2*z - 4. Determine u(w).
-12
Let t = 3 - 2. Let v be (-2 + -2)*(-25)/20. Let f(y) = y + 0*y**2 - v + 2 - 5*y**2 + 2. Give f(t).
-5
Suppose 2*o + 6 = 8*o. Suppose -x = -o + 2. Let r(g) = -g + 1. What is r(x)?
2
Suppose 4*r + p - 17 = 0, -5*p - 2 + 39 = 4*r. Let a(z) = -2 + z + 2 + 3. Give a(r).
6
Let w(f) be the second derivative of f**3/6 + 2*f**2 - 13*f. Suppose 5*c + 10 = 3*g, -4*g + 4*c = 4 - 12. Calculate w(g).
4
Let f(u) = -181*u + 181*u - u**2. Let d = -4 - -3. Calculate f(d).
-1
Let r(v) = -v + 4. Let c(z) = -2*z + 9. Let u(s) = 2*c(s) - 5*r(s). What is u(6)?
4
Let r(y) = 2*y + 5. Let m(c) = c + 2. Let z(i) = -13*m(i) + 6*r(i). Give z(-4).
8
Let m(p) = p**2 - p - 1. Let g(j) = 3*j**3 + j**2 - j. Let z = -3 - -4. Let w be g(z). Calculate m(w).
5
Suppose 13 = 3*m - 11. Let b = 5 - m. Let p(s) = -s**3 - 5*s**2 - 5*s - 4. Give p(b).
-7
Let t(c) = -4*c. Let m be (0 - -1)/(-1 - -2). Let f be (m - -1)*(-3)/2. Let j = 1 + f. Give t(j).
8
Let n(c) = c**3 + 3*c + 4. Let y be n(-3). Let t = y + 26. Let h(f) = -2*f + 3. Calculate h(t).
15
Let x(o) = -4*o**3 + 4*o**2 + 5*o + 1. Let q(k) = 5*k**3 - 5*k**2 - 6*k. Let w(s) = 5*q(s) + 6*x(s). Let t = -8 + -15. Let p = 23 + t. Calculate w(p).
6
Suppose 6 = -0*s + 3*s. Let r(q) = 2*q**s + 6*q**2 - 4*q**2 + 3. Let d(x) = 5*x**2 - x + 3. Let t(a) = 3*d(a) - 4*r(a). What is t(-3)?
-3
Let y(x) = -21*x**2 - 15*x + 10*x - 7 + 22*x**2. Suppose 0 = w - 3*w + 10. Calculate y(w).
-7
Let r(m) be the first derivative of -m**4/12 + m**3/3 - m**2 - 5. Let b(o) be the second derivative of r(o). Give b(-2).
6
Let m(x) = -x**2 - 9*x - 6. Suppose 23 = 7*s - 11*s - r, -5*r + 29 = -4*s. What is m(s)?
12
Let p(f) be the third derivative of f**4/4 - f**3/2 + 2*f**2. Give p(2).
9
Let h(f) be the first derivative of 0*f**2 - 7/4*f**4 + f + 0*f**3 + 2. Suppose 14*m + 11 = -3. Calculate h(m).
8
Let z(i) = i**3 - 1. Suppose 4*w + w - 15 = 0. Let q = -5 + w. Calculate z(q).
-9
Let o(r) be the third derivative of r**4/24 + r**3/6 - 28*r**2. Let h(k) = k**2 + k - 3. Let c be h(0). Give o(c).
-2
Let u(a) be the third derivative of a**4/8 + a**3/3 + 42*a**2. Calculate u(5).
17
Let g(x) = -x**2 + 9*x - 7. Let p be (4/8*-10)/(-1). Give g(p).
13
Let l = -95 - -91. Let m(b) = b**2 + b + 5. Determine m(l).
17
Let z(t) = -t**2 + 7*t - 7. Let n(j) = j**2 - 4*j + 6. Let x be n(4). Let v be z(x). Let s(r) be the second derivative of r**5/20 + r**3/6 + 2*r. Give s(v).
-2
Let n(s) be the third derivative of -s**4/24 + s**3/6 - 6*s**2 - 5. Calculate n(8).
-7
Let g(h) = -h + 7. Suppose d + 4*k = 5*d - 44, 5*d - 4*k - 50 = 0. Determine g(d).
1
Let r(z) = -z**2 - 11*z + 23. Let n be r(-13). Let x(f) = 4*f - 1. Determine x(n).
-13
Suppose 0 = -3*l + 4*l + 1. Let s(o) = 11*o - 9*o - 10 + 11 + 0*o. What is s(l)?
-1
Let r = 2 + 1. Let f(d) be the third derivative of -1/24*d**4 + 0*d + 1/40*d**6 - 2*d**2 + 0 + 0*d**r + 1/60*d**5. What is f(1)?
3
Let k(n) = -n**2 - 3*n + 5*n + 6*n - 9. Determine k(6).
3
Let u(a) = 3*a**3 + a**2 - a. Let m be u(1). Let n be ((-27)/(-15))/(m/15). Let j be 1 - (-2)/((-6)/n). Let v(h) = h**2 + 2*h - 2. What is v(j)?
-2
Let u(l) be the second derivative of -l**5/20 - l**4/6 + l**3/3 + l**2 - 19*l. What is u(-2)?
-2
Suppose -4*j = 3*l - 7, 0 = 3*j - 8*l + 3*l + 2. Let f(w) = 1 + 0 + 1 - w**2 - w - j. What is f(0)?
1
Let u = 3 + -3. Let f(d) be the first derivative of 5*d + 3 + 1/2*d**2. Give f(u).
5
Let q(b) = -2*b + 6. Let d = -14 - -26. Let x = -8 + d. Determine q(x).
-2
Let u(z) = -3 - 10*z**2 - 4*z + 5 - 4*z**2 + 13*z**2. Give u(-4).
2
Let u(a) = 4*a**3 - a**2 + a + 5. Let m(f) = -f**3 - f**2 - 1. Let g(z) = -3*m(z) - u(z). Determine g(3).
4
Let d(s) = -s - 7. Let h(u) = -u**2 + 2*u + 2. Let c be h